and 27.
9
Suppose 3*q = -2*q + 135. What is the greatest common factor of 18 and q?
9
Let l = 2 - 4. Let o be 3 - (-1 + l - 0). What is the greatest common factor of o and 42?
6
Let t be (-1)/((-4)/120) - 0. Calculate the greatest common factor of t and 20.
10
Let o(r) = 3 + 10 - r + 0*r. Let f be 1/(-4) - (-9)/36. Let a be o(f). Calculate the highest common factor of a and 143.
13
Let g(f) = 19*f. Suppose 5*d + y - 4*y = 31, -4*d + 2*y + 24 = 0. Let n be g(d). Suppose 0*c + 5*c - n = 0. Calculate the greatest common divisor of 57 and c.
19
Let q = 9 + -7. Suppose 3*k = -4*y + 24, -q*y = k - 0*k - 12. Calculate the greatest common divisor of 12 and y.
6
Let g be (-4)/10*(-15)/6. Let y be 1/(-2) - g/(-2). Suppose y = 5*s - 525 - 35. What is the greatest common divisor of s and 14?
14
Suppose 4*j - 3 = 3*j. Suppose j*l - 256 = l. What is the greatest common divisor of 16 and l?
16
Let i(z) = z**2 - 4*z - 11. Let g be i(6). Calculate the highest common divisor of 4 and g.
1
Let f(h) = 2*h + 34. Let z be f(0). What is the greatest common factor of 68 and z?
34
Let m(g) = -g + 20. Let y be (3/(-3) + 1)/2. Suppose y*o = -2*o. Let i be m(o). What is the highest common factor of i and 5?
5
Suppose 70 = s + 4*s. Suppose 21 = -2*l + 63. Calculate the highest common factor of l and s.
7
Let q be (6/(-12))/(2/(-384)). Calculate the highest common divisor of q and 12.
12
Suppose 0 = y + 1, 3*d - 2*y - 537 = y. Let u = -114 + d. What is the greatest common factor of u and 8?
8
Let q(s) = s**3 + s**2 + 2*s + 20. Let b be q(5). Calculate the greatest common divisor of b and 20.
20
Let s be 1/(-3) - 116/(-6). Let k be (-1 - -2) + -1 - 2. Let b be (-38)/(k + 1 + -1). What is the highest common divisor of s and b?
19
Suppose -h + 56 + 52 = 0. Let z = h - 58. What is the greatest common divisor of 20 and z?
10
Let p(m) = 2*m**2 + 11*m + 12. Let n be p(-8). What is the greatest common factor of 13 and n?
13
Suppose -4*d - 2*b + 6 = 0, 3*b - 2 + 8 = -d. Suppose -d*c + 22 = -c. Let q(g) = g**2 - 4*g + 6. Let t be q(5). What is the highest common factor of c and t?
11
Suppose -y = -3*t - 33, 4*t = -y + 55 - 8. What is the greatest common divisor of 52 and y?
13
Let x(y) = 4*y + 20. Let k be x(13). Calculate the greatest common factor of 108 and k.
36
Let z be -2 + 0/(-2) - (3 + -40). What is the greatest common divisor of z and 5?
5
Suppose 25*o = 24*o + 40. Calculate the greatest common divisor of 80 and o.
40
Suppose -q - 2*j = 8 + 23, -5*j + 17 = -2*q. Let s be q/(-2 + (-3)/(-1)). Let v = s + 41. What is the greatest common divisor of v and 140?
20
Let a(f) be the third derivative of -5*f**4/8 + f**3/6 - 5*f**2. Let h be a(-1). Calculate the highest common divisor of 176 and h.
16
Let u = -22 + 55. Calculate the highest common factor of u and 3.
3
Suppose 5*b = u + 50, -b - u + 7 = -3. Let i = b + -4. Calculate the highest common divisor of i and 6.
6
Let r be (18/(-8))/(-3)*4. Suppose 5*n + 10 = -r*a - 0*a, -2*a + 3*n = -25. Let l = 3 - 2. What is the highest common factor of l and a?
1
Let u = 5 - -3. Calculate the greatest common factor of u and 1.
1
Let b(z) = -5*z**3 - 2*z**2 - 2*z - 1. Let g be b(-1). Let d be (-2 + (-52)/(-10))*10. Calculate the greatest common factor of d and g.
4
Suppose -2*i - 4*w + 202 = 0, 24 - 122 = -i - w. Let l = 13 - -6. What is the greatest common factor of l and i?
19
Let i = 78 + -54. Calculate the highest common factor of 16 and i.
8
Let m(j) = 3*j**2 + 5*j + 2. Let v be m(4). Let u be -2 + -13 + (1 - 3). Let a = 11 - u. Calculate the highest common factor of a and v.
14
Suppose 0*y = -y + 63. Let l be (-3)/12 + (-138)/(-8). Suppose 3*o - l - 10 = 0. Calculate the highest common divisor of y and o.
9
Let h(d) = 7*d**2 + 3*d. Let p be h(-2). Let c = 53 - 36. Suppose -c = -2*y - 4*m - 5, 4*y - 4*m = 0. What is the greatest common factor of y and p?
2
Let j be (-1)/(3/(-288)*-4). Let z = 62 + j. Calculate the greatest common divisor of 95 and z.
19
Suppose 0 = -4*d + 2*b + 3*b + 52, -3*b = d + 4. Suppose -z + 38 = -34. What is the greatest common factor of d and z?
8
Let k = -3 - -9. Suppose 2*b = o - 20, -3*b + k = -b. What is the greatest common factor of 65 and o?
13
Suppose 4*r = 2 - 14. Let p be -3*r/9*72. What is the greatest common divisor of p and 8?
8
Let i be (504/(-147))/(2/(-21)*3). Calculate the highest common divisor of i and 8.
4
Let a be (-4)/(-2) + 0 + 1. Suppose 0 = -a*u + 14 + 22. Calculate the greatest common divisor of 48 and u.
12
Let t(f) = -2*f - 13. Let r be t(-14). Calculate the highest common factor of 15 and r.
15
Let y(a) = -2*a**2 - 12*a + 3. Let s be y(-5). What is the greatest common divisor of s and 39?
13
Let s(l) = -16*l - 2. Suppose -2*w = -7*w - 5. Let v be s(w). Calculate the highest common divisor of 7 and v.
7
Let n be (-30)/2*10/(-3). Let z = 92 - 30. Suppose 16 = g + 3*s - 10, 3*g + s = z. Calculate the greatest common divisor of n and g.
10
Let s = -14 - -8. Let u be (18/s)/((-6)/10). Suppose 0 = u*k - 5*x + 7 - 97, 0 = 3*x. What is the highest common divisor of 27 and k?
9
Suppose -3*i + 10 = 2*i. Suppose -4*d + 1 = -3, 3*l + 2*d = i. Let j = l - -17. Calculate the highest common divisor of 85 and j.
17
Let v(r) = -r**2 - 8*r + 9. Let x be v(-11). Let k be ((-13)/3)/(1/x). Calculate the highest common divisor of k and 13.
13
Let b be 2/5 - (-52)/20. Suppose -2*x + 4*c = b*x - 248, 2*c = x - 52. Calculate the highest common factor of x and 16.
16
Let j = -1 + 8. Let u(g) = g**2 - 4*g - 7. Let p be u(j). Suppose 3*n + 7 = 4*n. Calculate the greatest common factor of n and p.
7
Let z(a) = a**3 - 6*a**2 - 5*a - 1. Let s be z(7). Calculate the greatest common factor of 117 and s.
13
Suppose 0*o + 4*o = 160. Calculate the greatest common divisor of o and 10.
10
Let u be (-2)/(-7) - 68/(-7). Calculate the greatest common factor of u and 110.
10
Let m = 49 + -13. Calculate the highest common divisor of m and 24.
12
Suppose p = -28 + 91. What is the highest common divisor of 7 and p?
7
Let t = 37 + -4. Suppose -g + t = -58. Calculate the highest common factor of 13 and g.
13
Let k be (-6)/21 + 3/(21/2018). Calculate the greatest common divisor of k and 9.
9
Let j(f) = 18*f. Suppose -o = -k - 5, -4*k = -0*o - 2*o + 18. Let a be j(o). What is the greatest common divisor of a and 6?
6
Let p = 29 - 21. Calculate the greatest common factor of 4 and p.
4
Suppose -10 = -5*t + 5. Calculate the highest common factor of t and 2.
1
Suppose 136 = 12*p - 10*p. What is the greatest common divisor of 34 and p?
34
Let m(r) be the second derivative of 2*r**3/3 + r**2/2 + 4*r. Let a be m(1). Calculate the greatest common divisor of 50 and a.
5
Suppose 20 + 5 = 5*a. Let t = -12 + 13. Calculate the greatest common factor of a and t.
1
Let m(t) = 26*t**2 + t + 1. Let g be m(1). What is the highest common divisor of g and 16?
4
Let o(v) = v**3 - 5*v**2 - 3*v - 2. Let i(b) = -b - 2. Let g be i(-5). Suppose g*a - 4*a = -6. Let z be o(a). Calculate the highest common divisor of 80 and z.
16
Let v(f) = -f**3 + 9*f**2 + 13*f - 4. Let s be v(10). Let a = s + -16. Let w = -19 + 29. What is the highest common factor of a and w?
10
Let w = -22 - -42. Suppose 0*x = -2*x + 8. Calculate the highest common divisor of w and x.
4
Suppose 5*n - 12 = 2*n. What is the highest common factor of n and 20?
4
Suppose -2*k = -7*k + 245. Suppose k - 159 = -5*m. Calculate the highest common divisor of m and 11.
11
Suppose h - 89 = -8. What is the highest common factor of 9 and h?
9
Suppose 3*d = -11 + 59. Let b = d - 10. Calculate the highest common factor of b and 24.
6
Let y(g) = -g**3 - 7*g**2 + 2. Let t(s) = -s**3 + 8*s**2 - 9. Let f be t(8). Let h be y(f). Suppose 44 = -o + h. What is the highest common divisor of 15 and o?
15
Let g(s) = s**3 - 6*s**2 + 5*s + 2. Let r be g(6). Suppose -4*f = -r - 16. Calculate the highest common divisor of 96 and f.
12
Suppose -y + 2 = -5*l, 2*y + 3*l = 8*l + 4. Suppose m + 3*m = 5*f - 26, 2*f - 13 = -m. Calculate the greatest common factor of y and f.
2
Suppose 2*k + 180 = 4*k. Let t(n) = -17*n**3 + 2*n**2 - 1. Let z be t(-1). Calculate the greatest common divisor of z and k.
18
Suppose 5*y + 2 = 22. Suppose 4*m + y*l = 12, -5*m + 3*l + 27 = -2*m. Calculate the highest common divisor of m and 54.
6
